g + 7*g, 3*n + g + 31 = 0. Let l = -17 - n. List the prime factors of ((-63)/6)/(6/l).
2, 7
Suppose 4*s = -r + 2*r, 0 = -3*r + 12. What are the prime factors of -4 + s - 608/((-20)/5)?
149
Suppose 0 = c + a - 6, 0 = -2*c + 5*a - 9 - 14. Let v(g) = 39*g**2 - 2*g + 3. What are the prime factors of v(c)?
2, 5
Let d = 173 - -47. Let r = -123 + d. What are the prime factors of r?
97
Let c be -1*(-1 + 2 - 1) - -271. Let m = -157 + c. What are the prime factors of m?
2, 3, 19
Let d(a) = a**3 - 6*a**2 - 2*a. Let c be d(6). Let g be (-3)/(9/c*2). Suppose 3*r + 6 = -g*i, 5*i - 3 = -5*r + 2*r. What are the prime factors of i?
3
Suppose 23*n - 20*n = 0. Suppose 569 = 4*y + 5*w, n = w + 5 - 2. List the prime factors of y.
2, 73
Suppose -2*x - 5*r = -8095, -4*x + 5*r + 589 = -15616. List the prime factors of x.
2, 3, 5
Let l = 365 - 8. List the prime factors of l.
3, 7, 17
Let i(j) = -3*j**3 - 29*j**2 + 21*j - 27. What are the prime factors of i(-12)?
3
Let c(r) = 5*r**2 - 3*r. List the prime factors of c(13).
2, 13, 31
Let d(i) be the first derivative of 5*i**2/2 - 4*i - 1. Let k be d(6). What are the prime factors of k - 12/(1 + 3)?
23
Suppose -4*n - h + 1416 = -6*h, 2*n - 3*h - 708 = 0. List the prime factors of n.
2, 3, 59
Let a = -3499 + 7307. What are the prime factors of a?
2, 7, 17
Let k be -2*2/8*28. Let d = 29 + k. Let f = 15 + d. List the prime factors of f.
2, 3, 5
List the prime factors of (14/(-4 + 6))/((-5)/(-265)).
7, 53
Suppose -4*b - 7*b + 33 = 0. Suppose 14*z = b*z + 715. What are the prime factors of z?
5, 13
Let f be -45*(1 - -2)*3. Let i be (16/(-10))/(18/f). Suppose t = 5*s + 8, -2*t + 2*s = -3*t + i. List the prime factors of t.
2, 7
Let x = -1314 + 1913. What are the prime factors of x?
599
Suppose -288 = 15*u - 17*u. Suppose 4*b - u = 28. Let y = b + -6. List the prime factors of y.
37
List the prime factors of (1 - 2) + (-14)/(-7) - -1264.
5, 11, 23
Suppose 0*p = 4*p - 8. What are the prime factors of p?
2
Suppose -9*j = -18655 - 1847. What are the prime factors of j?
2, 17, 67
Let i(a) = 7*a**2 - 3*a + 110. List the prime factors of i(10).
2, 3, 5, 13
Let q = 29 - 6. Let m = 27 - q. List the prime factors of m.
2
Suppose -3*w + 1458 = 4*o + 130, 2*o = 3*w + 664. Suppose -2*j - 2*j = -o. List the prime factors of j.
83
Suppose -3*g + 3190 = 2*i, 18*i = 2*g + 23*i - 2134. List the prime factors of g.
2, 3, 59
Let t(i) = -2*i**2 - 5*i + 6. Let b be t(-5). Let w = 11 - b. Suppose -f + 4*f = w. What are the prime factors of f?
2, 5
Let i(n) = n**3 - 9*n**2 + 5*n - 7. Let h be i(4). Let y = h - -107. What are the prime factors of 2/3 - y/(-12)?
2
Let m be (96/9)/((-2)/(-15)). Let d be (-2)/(((-12)/(-1356))/(1/(-2))). Let k = d - m. List the prime factors of k.
3, 11
Suppose 5*m + 158 = 3*m. Let k = 10 - m. List the prime factors of k.
89
Let q = 109 - 244. Let n = -88 - q. Let z = n - 32. List the prime factors of z.
3, 5
Suppose -3*b = -5 - 1. Let o be -56*4/(-32)*2. Suppose -b = 4*j - o. What are the prime factors of j?
3
Suppose 5*n - 10 = 3*z, -4*z + 9*z - 4*n + 21 = 0. Let k = 39 + z. What are the prime factors of k?
2, 17
Suppose -4*l + 263 = 3*s, 258 = 3*s + l + 2*l. Let m be (4/8)/((-2)/16). List the prime factors of 4356/s - m/18.
2, 3
Let i(p) = 24*p**3 + 2*p + 4*p + 16*p**2 + 37 - 25*p**3. What are the prime factors of i(16)?
7, 19
Let m(v) = 7*v**2 + 16*v + 3. Let n be m(-12). List the prime factors of (0 + -1)/((-9)/n).
7, 13
Let t = -340 + 221. Let b = 197 + t. What are the prime factors of b?
2, 3, 13
Let w(u) = -2*u + 7. Let m be w(12). Let v = m - -26. Suppose v*l = 5*l + 96. What are the prime factors of l?
2, 3
List the prime factors of 9548/20 - 4/10.
3, 53
Let f(d) = d - 6. Let c be f(-6). Let g = c + 5. List the prime factors of 63/6*(-5 - g).
3, 7
Let l be (-8)/(-6)*((-1620)/(-8))/(-9). List the prime factors of 24/l - (-14)/5.
2
Let j = -12 - -11. List the prime factors of ((-9)/(-18))/(j/(-34)).
17
Let m(c) = c**3 - 11*c**2 - 24*c + 14. Let v(o) = o. Let u(g) = -m(g) - 6*v(g). What are the prime factors of u(12)?
2, 29
Let m = -30 + 15. Let v = 0 - m. List the prime factors of v.
3, 5
Suppose 0 = 4*h + h - 10. Suppose l - 2*k - 20 = k, 0 = h*k + 4. List the prime factors of l.
2, 7
Let t(c) = c**2 - 17*c + 22. Let x be t(15). Let v be (2 - -1)/(x/(-152)). Suppose 0 = 23*q - 20*q - v. List the prime factors of q.
19
Let h = -7 + 9. Suppose -2*u = 5*d + 19, 2*d + 8 = -u - 1. What are the prime factors of 78/h - (-4 - u)?
2, 3
Suppose 4*g = -2*y + 6 + 16, -3 = -g. Suppose 0 = 3*d - 2*d - y. Suppose -53 = -d*z - 3. What are the prime factors of z?
2, 5
Suppose -1506 + 576 = -5*y. Suppose -13*p + y + 1023 = 0. What are the prime factors of p?
3, 31
Let f(s) = 2*s + 12. Let p be f(-6). Suppose p = -18*l + 17*l + 54. List the prime factors of l.
2, 3
Let r = 1357 + -715. What are the prime factors of r?
2, 3, 107
Suppose 18*s - 15*s + 3 = 0. What are the prime factors of 4/s*4/(48/(-297))?
3, 11
Suppose -14*f + 1524 + 8934 = 0. List the prime factors of f.
3, 83
Suppose -5*w = -2*y + 3005, -6004 = -2*y - 2*y + 4*w. Suppose 0 = -5*q + 5*i + y, 8 = -i + 3*i. List the prime factors of q.
2, 19
Suppose -2*x - 753 = -b - 0*x, 0 = 3*x. What are the prime factors of b?
3, 251
Let b(k) = 16*k. Let s be b(-1). List the prime factors of (296/s)/(2/(-4)).
37
Let u(l) = 3*l + 24 + 4 - 45. Let q be u(7). Suppose 3*x + 6*y = 3*y + 228, -5*x = -q*y - 344. List the prime factors of x.
2, 3
What are the prime factors of -1*(15 + -14 - (406 - 0))?
3, 5
Let l = 225 + 115. List the prime factors of l.
2, 5, 17
Let h be 745/3 + (-9)/27. Suppose -5*o + h = -352. Suppose -4*y + o = y. List the prime factors of y.
2, 3
Suppose 9*s - 9 = 6*s. Let x be s*-1*(-2)/(-3). Let f(l) = -20*l + 4. What are the prime factors of f(x)?
2, 11
Let m(u) = -6*u + 22. Let q be 0/(-2) + (-1)/(6/72). What are the prime factors of m(q)?
2, 47
Let x(b) = -3*b**3 + 2*b**2 - 5*b - 2. What are the prime factors of x(-9)?
2, 13, 23
Suppose -2*y + 2734 = p, -4*p + 4*y + 7021 + 3867 = 0. What are the prime factors of p?
2, 29, 47
Suppose 4*v = 4*t - 16, 3*v = -v + 5*t - 19. List the prime factors of -1 + 1*(28 - v).
2, 7
Suppose -5*z + 4*g = -315, -2*g + 62 = z - 3*g. Let j = -3 + 6. Suppose 6*f + 2*t - 63 = f, -5*f = j*t - z. What are the prime factors of f?
11
What are the prime factors of (25 + -58)*2/(-3)?
2, 11
Suppose -2*j = -4*b + 6*b - 6, 5*j - b - 21 = 0. Suppose 3*h = -2*n + 259, -j*h - 74 = -n + 50. List the prime factors of n.
2
Let d(b) = b**2 + 2*b + 1. Let v be d(-1). What are the prime factors of (-3 - 21*-1) + v?
2, 3
Let t = 262 + -106. What are the prime factors of t?
2, 3, 13
Suppose -6 = 2*u - 2*k, -5*u + 7 = 2*k - 13. Suppose u*c = -3*c - 2*g + 288, -2*g = -c + 48. What are the prime factors of c?
2, 7
Suppose y = 2*j - 0*y - 2197, 3*y - 3 = 0. What are the prime factors of j?
7, 157
Let t = -117 + 117. Suppose t = -0*b - b + 151. List the prime factors of b.
151
Suppose 3*j + 6 = j. What are the prime factors of (-466)/(-6) + 2/j?
7, 11
Let l(t) = -t**3 + 9*t**2 - 8*t + 6. Suppose 18*o = 22*o - 32. List the prime factors of l(o).
2, 3
Suppose -9*z - 2 = -1298. What are the prime factors of z?
2, 3
Let p = -144 - -32. Let v = -44 - p. List the prime factors of v.
2, 17
Let x = -68 - -175. List the prime factors of x.
107
Let f = -12 + 16. Suppose -105 = -a - 2*u, 5*a - 4*u = f*a + 99. What are the prime factors of a?
103
Let j(y) = 3*y**2 + y. Let o be j(-1). Suppose o*d - 11 = 59. Let r = -3 + d. List the prime factors of r.
2
List the prime factors of 19112/((-112)/(-14)) - 1*6.
2383
Let k(o) = o**2 - o. Let g(p) = p - 2. Let x be g(-2). Let q be k(x). List the prime factors of (60/(-50))/((-3)/q).
2
Suppose -4*g - 31 = -5*r, -4*g + 20 = -9*g. Let v(j) = -j**3 - 5*j**2 - 5*j - 4. Let b be v(-4). Let s = r - b. List the prime factors of s.
3
Suppose -21*k + 12 = -18*k. Suppose -3*p + 38 = -k. What are the prime factors of p?
2, 7
Suppose 78*s = 74*s + 6172. What are the prime factors of s?
1543
Suppose -306 = -33*g + 35*g. Let q = g - -225. What are the prime factors of q?
2, 3
Suppose 5*a = 2*r - 6*r - 20, -4*a + 4*r - 52 = 0. Let g(k) = 0*k + 30 - 3*k - 46 - 3*k. List the prime factors of g(a).
2
Suppose -2*l = 3*x - 968, 3*l + 573 + 1072 